2. Let g = 2 + 4. Let k be q(g). Suppose 3*x = 174 + k. What is the remainder when x is divided by 23?
19
Let u be (0 + -1)*2 + -38. Let n = -29 - u. Let y(r) = -r**3 - 6*r**2 - 5*r + 6. What is the remainder when n is divided by y(-5)?
5
Let o = 234 - 85. Calculate the remainder when o is divided by 32.
21
Suppose -4*w + 29 = 5*j - 0*w, -3*w - 17 = -4*j. Suppose -5*k - 48 = 57. Let g = k + 29. What is the remainder when g is divided by j?
3
Let k = 238 + -84. What is the remainder when k is divided by 31?
30
Suppose -194 = -2*z - 4*d, -4*z - d = -462 + 39. Calculate the remainder when z is divided by 10.
7
Let p(z) = 8*z - 7. What is the remainder when p(5) is divided by 6/9*(-1 - 118/(-4))?
14
Let p(t) = t**3 - 15*t**2 - 16*t + 12. Let n be p(16). Suppose n*d - 7*d - 25 = 0. Calculate the remainder when 57 is divided by d.
2
Let v be -12*(-5)/(30/8). Let y = 0 + v. What is the remainder when 14 is divided by (y/10)/(8/40)?
6
Let z(j) = -j + 4. Let q be z(-2). Suppose -q*m + 5 = 5*y - m, -4*y = 5*m - 1. Suppose 126 = y*t + 22. Calculate the remainder when t is divided by 14.
12
Suppose 0 = -3*g - 3*w + 90, 8*w = 4*g + 4*w - 104. Calculate the remainder when 69 is divided by g.
13
Suppose 2*f - 61 = i, 8*i = 3*f + 3*i - 88. Let c = f + -21. What is the remainder when 29 is divided by c?
9
Let w(x) = 4*x - 84. Calculate the remainder when 53 is divided by w(23).
5
Let k = -35 - -15. Let s be k/(-2)*20/8. Let i = -16 + s. Calculate the remainder when 42 is divided by i.
6
Suppose 2*w - 51 = 5*a, 20 = -3*a + 5. Suppose 3*s - 19 = 86. Calculate the remainder when s is divided by w.
9
Let a = 2560 - 2527. Suppose -3*l + 50 = 5*x, -l - 2*x + 40 = l. Suppose d - 6 = -3*w, 5*d + w - l = 33. Calculate the remainder when a is divided by d.
9
Suppose 2*a = -2*y + 10, 5*a - 8*y - 25 = -3*y. Suppose -5*l - 110 = -a*p, l - 50 = -4*p + p. Calculate the remainder when 50 is divided by p.
14
Let n(i) = 16*i - 19*i - 2 + 12. Calculate the remainder when n(-9) is divided by 21.
16
Suppose 6*v = 131 - 107. What is the remainder when 27 is divided by v?
3
Let y = 2832 + -2826. Let z = 4 - 4. Suppose z = -2*c + 40. What is the remainder when c is divided by y?
2
Let f = -161 + 187. Calculate the remainder when 124 is divided by f.
20
Let t = -4 + 16. Let v(j) = -j + 33. Let w be 909/(-63) + (-1 - (-10)/7). Calculate the remainder when v(w) is divided by t.
11
Suppose -5*n = h - 3, 4*h - n = 63 + 33. Calculate the remainder when 90 is divided by h.
21
Let q = 64 + 47. Calculate the remainder when q is divided by (114/3)/(3 - 2).
35
Suppose -5*u - 14*w = -10*w - 57, 0 = -5*w - 10. Calculate the remainder when 38 is divided by u.
12
What is the remainder when (-1612)/(-31) - (0 + -1*1) is divided by 18?
17
Let p(q) = q**3 - 5*q**2 + q. Let l be 2/(9/(-15) - -1). Let z(b) = -4*b. What is the remainder when p(l) is divided by z(-1)?
1
Suppose -5*v + 2*t + 132 = -174, v - 2*t - 66 = 0. What is the remainder when v is divided by 18?
6
Let q(c) = -c**3 - 4*c**2 + 6*c + 1. Let v be q(-6). Suppose h + 36 = -5*r - 2*h, 3*h - 9 = 0. Let u = r + v. What is the remainder when 53 is divided by u?
25
Suppose -2*p + 0 = -6. Suppose 5*f - h = 35, -4*f = -p*h - 41 + 2. Calculate the remainder when 71 is divided by (-94)/(-4) - f/(-12).
23
Let h(m) = m**3 - 14*m**2 + 14*m - 11. Let s be h(13). Suppose 0 = -3*d + s + 49. Calculate the remainder when d is divided by 4.
1
Let a(w) = 3*w**2 + 3*w + 1. Let q be (1 + 2 + -11)/((-3)/6). Suppose -5*j - 2*n = -92, n = -5*j + 4*j + q. What is the remainder when j is divided by a(-2)?
6
Let k(a) = 3*a + 66. What is the remainder when k(-19) is divided by 7?
2
Let a(i) = i**3 - 7*i**2 + 12*i - 7. Let q be a(5). Suppose -2*n - q*n = -110. What is the remainder when n is divided by 5?
2
Let n be (-6 + -5)/(27/(-12) + 2). Calculate the remainder when (n - (-4)/4) + -4 is divided by (-62)/(-6) + 4/6.
8
Suppose 5*s - 125 = 3*h, 2*s - 1 - 1 = 0. Let m be 16/h + (-522)/(-5). Let g = -53 + m. What is the remainder when g is divided by 13?
12
What is the remainder when (-52)/4 - (-22 - 178) is divided by 18?
7
Suppose -2*u = b - 76, 3*b - 48 = -u - 0*b. Calculate the remainder when u is divided by 15.
6
Let i(s) = -s**2 + 8*s + 8. Calculate the remainder when 27 is divided by i(7).
12
Let c = 130 - 110. What is the remainder when c is divided by 13?
7
Let f be 4/(4/(32/(-4))). Let n(a) = 2*a**2 + 11*a + 7. Let h be n(f). Suppose -4*b + 25 = -h. What is the remainder when 33 is divided by b?
15
Suppose -2*g - 12 = 4*p, -5*g - 2*p + 10 = -0*p. Suppose 3*o = g*b - 86, 2*b + o = -12 + 50. Calculate the remainder when b is divided by (4 - 5) + (0 + 6)*2.
9
Calculate the remainder when 38 is divided by 14/(-2) - -32 - (-6)/(-3).
15
Let z = 459 + -422. Calculate the remainder when 72 is divided by z.
35
Suppose 3*j - 1159 = -1117. Suppose 4*n + b - 140 = -4*b, 5*n - b - 204 = 0. What is the remainder when n is divided by j?
12
Suppose 0 = -6*x + x + 130. Let n = x - 111. Let o = n - -126. What is the remainder when o is divided by 14?
13
Let y = 1116 - 1101. Calculate the remainder when 89 is divided by y.
14
Let u(s) = 3*s**2 - 45*s + 34. Calculate the remainder when u(17) is divided by 40.
16
What is the remainder when (310/25 - -9) + 6/10 is divided by 2?
0
Let i(d) = -d - 16. Let b be i(-7). Let l = b - -34. Suppose -4*u = u - l. Calculate the remainder when 13 is divided by u.
3
Let d(k) = -k**2 - 14*k + 1. Let m be -5 + 2 + -14 + 3. What is the remainder when 3 is divided by d(m)?
0
Let c(t) = 4*t + 10. Let o be c(3). Let h = 52 - o. What is the remainder when 117 is divided by h?
27
Suppose -h = -7*h + 30. Calculate the remainder when 28 is divided by h.
3
Suppose -5*q - 3*h = -96, 2*q + 5*h - 16 - 11 = 0. What is the remainder when q is divided by ((-44)/(-10))/(42/105)?
10
Calculate the remainder when 10 + -7 + 111 + -7 is divided by 54.
53
Suppose -5*i + 55 + 20 = 0. Let q(v) = -v**3 - 15*v**2 + 14*v - 26. What is the remainder when i is divided by q(-16)?
3
Suppose 2*i + 0*i = -4*u - 8, 0 = -u - 4*i + 12. Calculate the remainder when -82*u/8*3 is divided by 18.
15
Let j be (-43)/3 - (-24)/18. What is the remainder when 117 is divided by ((-10)/8)/(j/312)?
27
Let s(v) = -v**3 + 7*v**2 + 4*v - 11. Let w be s(7). Let u(j) = j + 7. Calculate the remainder when u(w) is divided by 13.
11
Suppose -t + 4*j = -24, 5 = 4*j + 9. What is the remainder when 4/((t/(-25))/(-2)) is divided by 10?
0
Calculate the remainder when 207 is divided by (((-1596)/16)/(-19))/(6/80).
67
Let j(g) = -557*g + 49. Calculate the remainder when j(-3) is divided by 82.
80
Suppose 14*i - 12*i = 6. Suppose 0 = i*y - 16 - 38. What is the remainder when y is divided by (-1)/(-2) + 35/40*4?
2
Suppose 494 = -116*v + 129*v. Calculate the remainder when 138 is divided by v.
24
Let n = 1800 + -1595. Calculate the remainder when 419 is divided by n.
9
Suppose 3*l = -15, -7 = -o + l - 1. Let b(x) = 7*x**2 - 3*x + 2. Calculate the remainder when 12 is divided by b(o).
0
Let w(v) = v**2 + 7*v - 5. Suppose -f = 4*o + 2 - 45, 13 = f - o. Calculate the remainder when w(6) is divided by f.
16
Suppose 702*n - 703*n + 19 = 0. Calculate the remainder when 319 is divided by n.
15
Let x(m) = 2*m**2 + m - 3. Let k(q) = q**3 - 4*q**2 + 8*q + 2. Suppose -5*n = -2*n - 12. Calculate the remainder when k(n) is divided by x(-3).
10
Suppose -2*l + a + 60 = 0, -31*l + 4*a + 144 = -26*l. Calculate the remainder when 255 is divided by l.
31
Suppose 6*l = -3*m + 405, -4*m + 3*l + 505 = 4*l. Calculate the remainder when m is divided by (40 - -1) + (-2)/(-2).
41
Let g = -5 - -14. Suppose -6*a + g = -21. Suppose 50 = 5*t + a. Calculate the remainder when 33 is divided by t.
6
Suppose 35*k + 3*x = 30*k + 274, 3*x = 9. Let z be 1 + 69 - (3 + -5). Suppose t - z = -3*t. What is the remainder when k is divided by t?
17
Let l(t) = -4*t**3 + 2*t**2 + 2*t + 2. What is the remainder when l(-2) is divided by 78 + -85 - (-60)/3?
12
Let o be ((-4)/14)/(6/(-84)). Suppose 3*f - o = f. What is the remainder when f is divided by 1?
0
Let l(h) = -h + 18. Let q(y) = -y**2 + 12*y + 4. Let w be q(11). Let o be l(w). Suppose 6*p - 123 = o*p. Calculate the remainder when 120 is divided by p.
38
Suppose -223 = -g + 2*r, -5*r + 167 + 42 = 